{"id":523,"date":"2021-07-28T11:07:14","date_gmt":"2021-07-28T09:07:14","guid":{"rendered":"https:\/\/www.lofer.com\/?page_id=523"},"modified":"2025-08-06T14:22:19","modified_gmt":"2025-08-06T12:22:19","slug":"e-biken","status":"publish","type":"page","link":"https:\/\/www.lofer.com\/de\/aktiv-im-sommer\/bike\/e-biken","title":{"rendered":"E-Biken"},"content":{"rendered":"<style>.kb-row-layout-id523_ebc28a-4e > .kt-row-column-wrap{align-content:start;}:where(.kb-row-layout-id523_ebc28a-4e > .kt-row-column-wrap) > .wp-block-kadence-column{justify-content:start;}.kb-row-layout-id523_ebc28a-4e > .kt-row-column-wrap{column-gap:var(--global-kb-gap-md, 2rem);row-gap:var(--global-kb-gap-md, 2rem);padding-top:var(--global-kb-spacing-sm, 1.5rem);padding-bottom:var(--global-kb-spacing-sm, 1.5rem);grid-template-columns:minmax(0, 1fr);}.kb-row-layout-id523_ebc28a-4e > .kt-row-layout-overlay{opacity:0.30;}@media all and (max-width: 1024px){.kb-row-layout-id523_ebc28a-4e > .kt-row-column-wrap{grid-template-columns:minmax(0, 1fr);}}@media all and (max-width: 767px){.kb-row-layout-id523_ebc28a-4e > .kt-row-column-wrap{grid-template-columns:minmax(0, 1fr);}}<\/style><div class=\"kb-row-layout-wrap kb-row-layout-id523_ebc28a-4e alignnone wp-block-kadence-rowlayout\"><div class=\"kt-row-column-wrap kt-has-1-columns kt-row-layout-equal kt-tab-layout-inherit kt-mobile-layout-row kt-row-valign-top\">\n<style>.kadence-column523_a4ad96-ae > .kt-inside-inner-col,.kadence-column523_a4ad96-ae > .kt-inside-inner-col:before{border-top-left-radius:0px;border-top-right-radius:0px;border-bottom-right-radius:0px;border-bottom-left-radius:0px;}.kadence-column523_a4ad96-ae > .kt-inside-inner-col{column-gap:var(--global-kb-gap-sm, 1rem);}.kadence-column523_a4ad96-ae > .kt-inside-inner-col{flex-direction:column;}.kadence-column523_a4ad96-ae > .kt-inside-inner-col > .aligncenter{width:100%;}.kadence-column523_a4ad96-ae > .kt-inside-inner-col:before{opacity:0.3;}.kadence-column523_a4ad96-ae{position:relative;}@media all and (max-width: 1024px){.kadence-column523_a4ad96-ae > .kt-inside-inner-col{flex-direction:column;justify-content:center;}}@media all and (max-width: 767px){.kadence-column523_a4ad96-ae > .kt-inside-inner-col{flex-direction:column;justify-content:center;}}<\/style>\n<div class=\"wp-block-kadence-column kadence-column523_a4ad96-ae inner-column-1\"><div class=\"kt-inside-inner-col\">\n<h1 class=\"wp-block-heading\" id=\"dem-e-bike-liegen-die-berge-zu-fussen\">Dem E-Bike liegen die Berge zu F\u00fc\u00dfen<\/h1>\n\n\n\n<h2 class=\"wp-block-heading\" id=\"bergauf-mit-ruckenwind\">Bergauf mit R\u00fcckenwind<\/h2>\n\n\n\n<p class=\"wp-block-paragraph\"><strong>Eine der besten Erfindungen seit es Fahrr\u00e4der gibt, sind bestimmt die E-Bikes. Mit vergleichsweise geringem Kraftaufwand kommt man schnell in die Berge und kann dabei mit vollem Genuss die umwerfende Naturkulisse beobachten. Das Besondere an den E-Bikes ist, dass jeder f\u00fcr sich selbst entscheiden kann, mit welcher Stufe der Berg bezwungen und wie viel Kraft daf\u00fcr aufgewendet wird.<\/strong><\/p>\n\n\n\n<div style=\"height:40px\" aria-hidden=\"true\" class=\"wp-block-spacer\"><\/div>\n\n\n\n<figure class=\"wp-block-embed is-type-rich is-provider-handler-einbetten wp-block-embed-handler-einbetten wp-embed-aspect-16-9 wp-has-aspect-ratio\"><div class=\"wp-block-embed__wrapper\">\n<iframe loading=\"lazy\" title=\"Martin Vitzthum, Bike-Pionier im Salzburger Saalachtal, erz\u00e4hlt\" width=\"500\" height=\"281\" src=\"https:\/\/www.youtube.com\/embed\/kbhxIGQ6vaU?feature=oembed\" frameborder=\"0\" allow=\"accelerometer; autoplay; clipboard-write; encrypted-media; gyroscope; picture-in-picture; web-share\" referrerpolicy=\"strict-origin-when-cross-origin\" allowfullscreen><\/iframe>\n<\/div><\/figure>\n\n\n\n<div style=\"height:20px\" aria-hidden=\"true\" class=\"wp-block-spacer\"><\/div>\n\n\n\n<h3 class=\"wp-block-heading\" id=\"bikeshops-e-bike-verleih\">Bikeshops &amp; E-Bike Verleih&nbsp; &nbsp;<\/h3>\n\n\n\n<p class=\"wp-block-paragraph\">Lasst Eure&nbsp;Fahrr\u00e4der&nbsp;zu Hause, im Salzburger Saalachtal stehen Euch bei ausgew\u00e4hlten Vermietern&nbsp;und 3&nbsp;Bike-Shops E-Bikes, sowie&nbsp;Radanh\u00e4nger zum Verleih zur Verf\u00fcgung.<br>Direkt bei der Buchung k\u00f6nnt Ihr&nbsp;Euch erkundigen,&nbsp;ob die Unterkunft selbst E-Bikes zum Verleih anbietet, ansonsten stehen jederzeit E-Bikes bei den Bike-Shops zur Verf\u00fcgung.<br>Die drei gewerblichen Verleih-Stationen der Region findet Ihr hier.<\/p>\n\n\n\n<div style=\"height:20px\" aria-hidden=\"true\" class=\"wp-block-spacer\"><\/div>\n\n\n <div id=\"pw-teaserreihe-random-block_61f7edab5140a\" class=\"block-pw-teaserreihe-random\">\r\n\t<div id=\"teaserreihe\" class=\"random\">\r\n\t\t\t\t\t\t\t\t\t\t\t\t\t\t<a href=\"http:\/\/www.martins-bikeshop.at\/verleih\" target=\"_blank\" class=\"teaser_inhalt page\" style=\"background-image:url('https:\/\/www.lofer.com\/wp-content\/uploads\/2021\/10\/martinsbikeshop.jpg')\" title=\"Martins Bike Shop\">\r\n\t\t\t\t\t\t\t\t\t\t\t\t\t\t\t\t\t\t\t\t\t<span class=\"textbanner\">\r\n\t\t\t\t\t\t\t\t\t\t\t\t\t\t\t\t\t<\/span>\r\n\t\t\t\t\t\t\t\t\t\t\t\t\t\t\t\t\t\t\t\r\n\t\t\t\t\t\t<span class=\"teaser_inhalt_ue\">\r\n\t\t\t\t\t\t\tMartins Bike Shop\t\t\t\t\t\t<\/span>\r\n\t\t\t\t\t<\/a>\r\n\t\t\t\t\t\t\t\t\t\t\t\t\t\t\t\t<a href=\"http:\/\/www.bike-lofer.com\/\" target=\"_blank\" class=\"teaser_inhalt page\" style=\"background-image:url('https:\/\/www.lofer.com\/wp-content\/uploads\/2021\/10\/ebikealpin.jpg')\" title=\"Herbst Ski Berg Bike\">\r\n\t\t\t\t\t\t\t\t\t\t\t\t\t\t\t\t\t\t\t\t\t<span class=\"textbanner\">\r\n\t\t\t\t\t\t\t\t\t\t\t\t\t\t\t\t\t<\/span>\r\n\t\t\t\t\t\t\t\t\t\t\t\t\t\t\t\t\t\t\t\r\n\t\t\t\t\t\t<span class=\"teaser_inhalt_ue\">\r\n\t\t\t\t\t\t\tHerbst Ski Berg Bike\t\t\t\t\t\t<\/span>\r\n\t\t\t\t\t<\/a>\r\n\t\t\t\t\t\t\t\t\t\t\t\t\t\t\t\t<a href=\"https:\/\/www.sport-sturm.com\/de\/e-bike-verleih-lofer.html\" target=\"_blank\" class=\"teaser_inhalt page\" style=\"background-image:url('https:\/\/www.lofer.com\/wp-content\/uploads\/2021\/10\/Foto_Team_Bikeverleih_teaser.jpg')\" title=\"Intersport Sturm\">\r\n\t\t\t\t\t\t\t\t\t\t\t\t\t\t\t\t\t\t\t\t\t<span class=\"textbanner\">\r\n\t\t\t\t\t\t\t\t\t\t\t\t\t\t\t\t\t<\/span>\r\n\t\t\t\t\t\t\t\t\t\t\t\t\t\t\t\t\t\t\t\r\n\t\t\t\t\t\t<span class=\"teaser_inhalt_ue\">\r\n\t\t\t\t\t\t\tIntersport Sturm\t\t\t\t\t\t<\/span>\r\n\t\t\t\t\t<\/a>\r\n\t\t\t\t\t\t\t\t\t\t\t\t\t\t\t\t<a href=\"https:\/\/www.base-camp.at\/berg-lofer-abenteuerurlaub\/mountainbiken-salzburger-saalachtal\" target=\"_blank\" class=\"teaser_inhalt page\" style=\"background-image:url('https:\/\/www.lofer.com\/wp-content\/uploads\/2023\/04\/Screenshot-2023-04-28-111646.png')\" title=\"Base Camp\">\r\n\t\t\t\t\t\t\t\t\t\t\t\t\t\t\t\t\t\t\t\t\t<span class=\"textbanner\">\r\n\t\t\t\t\t\t\t\t\t\t\t\t\t\t\t\t\t<\/span>\r\n\t\t\t\t\t\t\t\t\t\t\t\t\t\t\t\t\t\t\t\r\n\t\t\t\t\t\t<span class=\"teaser_inhalt_ue\">\r\n\t\t\t\t\t\t\tBase Camp\t\t\t\t\t\t<\/span>\r\n\t\t\t\t\t<\/a>\r\n\t\t\t\t\t\t\t\t\t\t\t<div class=\"clear\"><\/div>\r\n\t<\/div>\r\n\t<div class=\"clear\"><\/div>\r\n<\/div>\r\n<div class=\"clear\"><\/div>\n\n\n<div style=\"height:20px\" aria-hidden=\"true\" class=\"wp-block-spacer\"><\/div>\n\n\n\n<h3 class=\"wp-block-heading\" id=\"e-bike-touren\">E-Bike Touren<\/h3>\n\n\n\n<p class=\"wp-block-paragraph\">Alle Biketouren im Salzburger Saalachtal k\u00f6nnen sowohl mit dem Mountain- als auch mit dem E-Bike befahren werden. Eine Bikekarte der Region mit allen Radtouren erhaltet Ihr direkt bei Euren Vermietern oder im Tourismusb\u00fcro.<\/p>\n\n\n\n<div style=\"height:20px\" aria-hidden=\"true\" class=\"wp-block-spacer\"><\/div>\n\n\n\n<style>\n.oax-filter-selectors, .oax-view-controls-box {\nwidth:100%!important;\n}\n<\/style>\n<div class=\"oax-top-cont\"><\/div>\n<script type=\"text\/javascript\" src=\"https:\/\/www.outdooractive.com\/alpportal\/oa_head.js?proj=api-salzburger-saalachtal&amp;key=FJIB3MRX-EMWGKQUJ-4OSSDLTZ&amp;lang=de\"><\/script>\n<script>\nvar conf = {\nfrontendtype: \"tour\",\nzoom: 11,\ncenter: [12.71324,47.60061],\nmapTypeId: \"oa_map\",\nmapTypeIds: [\"oa_map\", \"oa_hybrid\"],\nlayoutType: \"wide\",\ninitMode: \"gallery\",\ncfg: {\nwhat: {\n\"selected_init\": \"E-Biken\"\n}\n}\n};\nvar fvp = oa.api.flexviewpage(conf);\nfvp.whatHide = true;\n<\/script>\n\n\n\n<div style=\"height:10px\" aria-hidden=\"true\" class=\"wp-block-spacer\"><\/div>\n\n\n\n<h3 class=\"wp-block-heading\" id=\"gefuhrte-touren\">Gef\u00fchrte Touren<\/h3>\n\n\n\n<p class=\"wp-block-paragraph\">Wer zum ersten Mal mit dem E-Bike unterwegs ist, dem empfehlen wir eine gef\u00fchrte E-Bike-Tour mit unseren<strong>&nbsp;<a href=\"https:\/\/www.lofer.com\/de\/aktiv-im-sommer\/bike\/bike-guides\" data-type=\"URL\" data-id=\"https:\/\/www.lofer.com\/de\/aktiv-im-sommer\/bike\/bike-guides\">Bike-Guides<\/a>.&nbsp;<\/strong>Sie zeigen Euch, wie Ihr richtig mit den E-Bikes f\u00e4hrt und sicher bergauf und bergab unterwegs seid.<\/p>\n\n\n\n<div style=\"height:20px\" aria-hidden=\"true\" class=\"wp-block-spacer\"><\/div>\n\n\n\n<h3 class=\"wp-block-heading\" id=\"e-bike-ladestationen\">E-Bike Ladestationen&nbsp;<\/h3>\n\n\n\n<p class=\"wp-block-paragraph\">Damit Euch auf Tour nie der Strom ausgeht, bietet das Salzburger Saalachtal sowohl am Berg als auch im Tal ein gut ausgebautes Netz an Ladestationen f\u00fcr E-Bikes. Die Stationen liegen an Ausflugszielen sowie Einkehrm\u00f6glichkeiten, wo Ihr Euch und Euren Bikes eine Rast zum Energie tanken g\u00f6nnen k\u00f6nnt. Ein intelligentes Ladekabel erm\u00f6glicht die einfache Verbindung der E-Bikes mit den bike-energy Ladestationen.<\/p>\n\n\n\n<div style=\"height:19px\" aria-hidden=\"true\" class=\"wp-block-spacer\"><\/div>\n\n\n\n<div class=\"responsiveContainer\"><iframe loading=\"lazy\" src=\"https:\/\/www.google.com\/maps\/d\/embed?mid=z015aOmk6bug.kBzihKjE34mM&amp;z=11&amp;ll=47.5866125,%2012.7016928,19\" width=\"640\" height=\"480\" load=\"lazy\"><\/iframe><\/div>\n<\/div><\/div>\n\n<\/div><\/div>","protected":false},"excerpt":{"rendered":"<p>Dem E-Bike liegen die Berge zu F\u00fc\u00dfen Bergauf mit R\u00fcckenwind Eine der besten Erfindungen seit es Fahrr\u00e4der gibt, sind bestimmt die E-Bikes. Mit vergleichsweise geringem Kraftaufwand kommt man schnell in die Berge und kann dabei mit vollem Genuss die umwerfende Naturkulisse beobachten. Das Besondere an den E-Bikes ist, dass jeder f\u00fcr sich selbst entscheiden kann, [&hellip;]<\/p>\n","protected":false},"author":15,"featured_media":23524,"parent":519,"menu_order":1,"comment_status":"closed","ping_status":"closed","template":"","meta":{"_kad_blocks_custom_css":"","_kad_blocks_head_custom_js":"","_kad_blocks_body_custom_js":"","_kad_blocks_footer_custom_js":"","footnotes":""},"categories":[53,95,14],"tags":[42],"class_list":["post-523","page","type-page","status-publish","has-post-thumbnail","hentry","category-e-mountainbike","category-lofer-com","category-sommer","tag-sommer"],"acf":[],"taxonomy_info":{"category":[{"value":53,"label":"E-Mountainbike"},{"value":95,"label":"lofer.com"},{"value":14,"label":"Sommer"}],"post_tag":[{"value":42,"label":"Sommer"}]},"featured_image_src_large":["https:\/\/www.lofer.com\/wp-content\/uploads\/2022\/01\/e-biken.jpg",900,600,false],"author_info":{"display_name":"admin_conecto","author_link":"https:\/\/www.lofer.com\/de\/author\/admin_conecto"},"comment_info":0,"_links":{"self":[{"href":"https:\/\/www.lofer.com\/de\/wp-json\/wp\/v2\/pages\/523","targetHints":{"allow":["GET"]}}],"collection":[{"href":"https:\/\/www.lofer.com\/de\/wp-json\/wp\/v2\/pages"}],"about":[{"href":"https:\/\/www.lofer.com\/de\/wp-json\/wp\/v2\/types\/page"}],"author":[{"embeddable":true,"href":"https:\/\/www.lofer.com\/de\/wp-json\/wp\/v2\/users\/15"}],"replies":[{"embeddable":true,"href":"https:\/\/www.lofer.com\/de\/wp-json\/wp\/v2\/comments?post=523"}],"version-history":[{"count":1,"href":"https:\/\/www.lofer.com\/de\/wp-json\/wp\/v2\/pages\/523\/revisions"}],"predecessor-version":[{"id":40719,"href":"https:\/\/www.lofer.com\/de\/wp-json\/wp\/v2\/pages\/523\/revisions\/40719"}],"up":[{"embeddable":true,"href":"https:\/\/www.lofer.com\/de\/wp-json\/wp\/v2\/pages\/519"}],"wp:featuredmedia":[{"embeddable":true,"href":"https:\/\/www.lofer.com\/de\/wp-json\/wp\/v2\/media\/23524"}],"wp:attachment":[{"href":"https:\/\/www.lofer.com\/de\/wp-json\/wp\/v2\/media?parent=523"}],"wp:term":[{"taxonomy":"category","embeddable":true,"href":"https:\/\/www.lofer.com\/de\/wp-json\/wp\/v2\/categories?post=523"},{"taxonomy":"post_tag","embeddable":true,"href":"https:\/\/www.lofer.com\/de\/wp-json\/wp\/v2\/tags?post=523"}],"curies":[{"name":"wp","href":"https:\/\/api.w.org\/{rel}","templated":true}]}}

<style>.kb-row-layout-id523_ebc28a-4e > .kt-row-column-wrap{align-content:start;}:where(.kb-row-layout-id523_ebc28a-4e > .kt-row-column-wrap) > .wp-block-kadence-column{justify-content:start;}.kb-row-layout-id523_ebc28a-4e > .kt-row-column-wrap{column-gap:var(--global-kb-gap-md, 2rem);row-gap:var(--global-kb-gap-md, 2rem);padding-top:var(--global-kb-spacing-sm, 1.5rem);padding-bottom:var(--global-kb-spacing-sm, 1.5rem);grid-template-columns:minmax(0, 1fr);}.kb-row-layout-id523_ebc28a-4e > .kt-row-layout-overlay{opacity:0.30;}@media all and (max-width: 1024px){.kb-row-layout-id523_ebc28a-4e > .kt-row-column-wrap{grid-template-columns:minmax(0, 1fr);}}@media all and (max-width: 767px){.kb-row-layout-id523_ebc28a-4e > .kt-row-column-wrap{grid-template-columns:minmax(0, 1fr);}}</style><div class="kb-row-layout-wrap kb-row-layout-id523_ebc28a-4e alignnone wp-block-kadence-rowlayout"><div class="kt-row-column-wrap kt-has-1-columns kt-row-layout-equal kt-tab-layout-inherit kt-mobile-layout-row kt-row-valign-top">
<style>.kadence-column523_a4ad96-ae > .kt-inside-inner-col,.kadence-column523_a4ad96-ae > .kt-inside-inner-col:before{border-top-left-radius:0px;border-top-right-radius:0px;border-bottom-right-radius:0px;border-bottom-left-radius:0px;}.kadence-column523_a4ad96-ae > .kt-inside-inner-col{column-gap:var(--global-kb-gap-sm, 1rem);}.kadence-column523_a4ad96-ae > .kt-inside-inner-col{flex-direction:column;}.kadence-column523_a4ad96-ae > .kt-inside-inner-col > .aligncenter{width:100%;}.kadence-column523_a4ad96-ae > .kt-inside-inner-col:before{opacity:0.3;}.kadence-column523_a4ad96-ae{position:relative;}@media all and (max-width: 1024px){.kadence-column523_a4ad96-ae > .kt-inside-inner-col{flex-direction:column;justify-content:center;}}@media all and (max-width: 767px){.kadence-column523_a4ad96-ae > .kt-inside-inner-col{flex-direction:column;justify-content:center;}}</style>
<div class="wp-block-kadence-column kadence-column523_a4ad96-ae inner-column-1"><div class="kt-inside-inner-col">
<h1 class="wp-block-heading" id="dem-e-bike-liegen-die-berge-zu-fussen">Dem E-Bike liegen die Berge zu Füßen</h1>



<h2 class="wp-block-heading" id="bergauf-mit-ruckenwind">Bergauf mit Rückenwind</h2>



<p class="wp-block-paragraph"><strong>Eine der besten Erfindungen seit es Fahrräder gibt, sind bestimmt die E-Bikes. Mit vergleichsweise geringem Kraftaufwand kommt man schnell in die Berge und kann dabei mit vollem Genuss die umwerfende Naturkulisse beobachten. Das Besondere an den E-Bikes ist, dass jeder für sich selbst entscheiden kann, mit welcher Stufe der Berg bezwungen und wie viel Kraft dafür aufgewendet wird.</strong></p>



<div style="height:40px" aria-hidden="true" class="wp-block-spacer"></div>



<figure class="wp-block-embed is-type-rich is-provider-handler-einbetten wp-block-embed-handler-einbetten wp-embed-aspect-16-9 wp-has-aspect-ratio"><div class="wp-block-embed__wrapper">
<iframe loading="lazy" title="Martin Vitzthum, Bike-Pionier im Salzburger Saalachtal, erzählt" width="500" height="281" src="https://www.youtube.com/embed/kbhxIGQ6vaU?feature=oembed" frameborder="0" allow="accelerometer; autoplay; clipboard-write; encrypted-media; gyroscope; picture-in-picture; web-share" referrerpolicy="strict-origin-when-cross-origin" allowfullscreen></iframe>
</div></figure>



<div style="height:20px" aria-hidden="true" class="wp-block-spacer"></div>



<h3 class="wp-block-heading" id="bikeshops-e-bike-verleih">Bikeshops &amp; E-Bike Verleih&nbsp; &nbsp;</h3>



<p class="wp-block-paragraph">Lasst Eure&nbsp;Fahrräder&nbsp;zu Hause, im Salzburger Saalachtal stehen Euch bei ausgewählten Vermietern&nbsp;und 3&nbsp;Bike-Shops E-Bikes, sowie&nbsp;Radanhänger zum Verleih zur Verfügung.<br>Direkt bei der Buchung könnt Ihr&nbsp;Euch erkundigen,&nbsp;ob die Unterkunft selbst E-Bikes zum Verleih anbietet, ansonsten stehen jederzeit E-Bikes bei den Bike-Shops zur Verfügung.<br>Die drei gewerblichen Verleih-Stationen der Region findet Ihr hier.</p>



<div style="height:20px" aria-hidden="true" class="wp-block-spacer"></div>


 <div id="pw-teaserreihe-random-block_61f7edab5140a" class="block-pw-teaserreihe-random">
	<div id="teaserreihe" class="random">
														<a href="http://www.martins-bikeshop.at/verleih" target="_blank" class="teaser_inhalt page" style="background-image:url('https://www.lofer.com/wp-content/uploads/2021/10/martinsbikeshop.jpg')" title="Martins Bike Shop">
																					<span class="textbanner">
																	</span>
																			
						<span class="teaser_inhalt_ue">
							Martins Bike Shop						</span>
					</a>
																<a href="http://www.bike-lofer.com/" target="_blank" class="teaser_inhalt page" style="background-image:url('https://www.lofer.com/wp-content/uploads/2021/10/ebikealpin.jpg')" title="Herbst Ski Berg Bike">
																					<span class="textbanner">
																	</span>
																			
						<span class="teaser_inhalt_ue">
							Herbst Ski Berg Bike						</span>
					</a>
																<a href="https://www.sport-sturm.com/de/e-bike-verleih-lofer.html" target="_blank" class="teaser_inhalt page" style="background-image:url('https://www.lofer.com/wp-content/uploads/2021/10/Foto_Team_Bikeverleih_teaser.jpg')" title="Intersport Sturm">
																					<span class="textbanner">
																	</span>
																			
						<span class="teaser_inhalt_ue">
							Intersport Sturm						</span>
					</a>
																<a href="https://www.base-camp.at/berg-lofer-abenteuerurlaub/mountainbiken-salzburger-saalachtal" target="_blank" class="teaser_inhalt page" style="background-image:url('https://www.lofer.com/wp-content/uploads/2023/04/Screenshot-2023-04-28-111646.png')" title="Base Camp">
																					<span class="textbanner">
																	</span>
																			
						<span class="teaser_inhalt_ue">
							Base Camp						</span>
					</a>
											<div class="clear"></div>
	</div>
	<div class="clear"></div>
</div>
<div class="clear"></div>


<div style="height:20px" aria-hidden="true" class="wp-block-spacer"></div>



<h3 class="wp-block-heading" id="e-bike-touren">E-Bike Touren</h3>



<p class="wp-block-paragraph">Alle Biketouren im Salzburger Saalachtal können sowohl mit dem Mountain- als auch mit dem E-Bike befahren werden. Eine Bikekarte der Region mit allen Radtouren erhaltet Ihr direkt bei Euren Vermietern oder im Tourismusbüro.</p>



<div style="height:20px" aria-hidden="true" class="wp-block-spacer"></div>



<style>
.oax-filter-selectors, .oax-view-controls-box {
width:100%!important;
}
</style>
<div class="oax-top-cont"></div>
<script type="text/javascript" src="https://www.outdooractive.com/alpportal/oa_head.js?proj=api-salzburger-saalachtal&amp;key=FJIB3MRX-EMWGKQUJ-4OSSDLTZ&amp;lang=de"></script>
<script>
var conf = {
frontendtype: "tour",
zoom: 11,
center: [12.71324,47.60061],
mapTypeId: "oa_map",
mapTypeIds: ["oa_map", "oa_hybrid"],
layoutType: "wide",
initMode: "gallery",
cfg: {
what: {
"selected_init": "E-Biken"
}
}
};
var fvp = oa.api.flexviewpage(conf);
fvp.whatHide = true;
</script>



<div style="height:10px" aria-hidden="true" class="wp-block-spacer"></div>



<h3 class="wp-block-heading" id="gefuhrte-touren">Geführte Touren</h3>



<p class="wp-block-paragraph">Wer zum ersten Mal mit dem E-Bike unterwegs ist, dem empfehlen wir eine geführte E-Bike-Tour mit unseren<strong>&nbsp;<a href="https://www.lofer.com/de/aktiv-im-sommer/bike/bike-guides" data-type="URL" data-id="https://www.lofer.com/de/aktiv-im-sommer/bike/bike-guides">Bike-Guides</a>.&nbsp;</strong>Sie zeigen Euch, wie Ihr richtig mit den E-Bikes fährt und sicher bergauf und bergab unterwegs seid.</p>



<div style="height:20px" aria-hidden="true" class="wp-block-spacer"></div>



<h3 class="wp-block-heading" id="e-bike-ladestationen">E-Bike Ladestationen&nbsp;</h3>



<p class="wp-block-paragraph">Damit Euch auf Tour nie der Strom ausgeht, bietet das Salzburger Saalachtal sowohl am Berg als auch im Tal ein gut ausgebautes Netz an Ladestationen für E-Bikes. Die Stationen liegen an Ausflugszielen sowie Einkehrmöglichkeiten, wo Ihr Euch und Euren Bikes eine Rast zum Energie tanken gönnen könnt. Ein intelligentes Ladekabel ermöglicht die einfache Verbindung der E-Bikes mit den bike-energy Ladestationen.</p>



<div style="height:19px" aria-hidden="true" class="wp-block-spacer"></div>



<div class="responsiveContainer"><iframe loading="lazy" src="https://www.google.com/maps/d/embed?mid=z015aOmk6bug.kBzihKjE34mM&amp;z=11&amp;ll=47.5866125,%2012.7016928,19" width="640" height="480" load="lazy"></iframe></div>
</div></div>

</div></div>

<p>Dem E-Bike liegen die Berge zu Füßen Bergauf mit Rückenwind Eine der besten Erfindungen seit es Fahrräder gibt, sind bestimmt die E-Bikes. Mit vergleichsweise geringem Kraftaufwand kommt man schnell in die Berge und kann dabei mit vollem Genuss die umwerfende Naturkulisse beobachten. Das Besondere an den E-Bikes ist, dass jeder für sich selbst entscheiden kann, [&hellip;]</p>
